, 3129223
What are the prime factors of 77026?
2, 19, 2027
What are the prime factors of 6957272?
2, 7, 283, 439
What are the prime factors of 174593?
23, 7591
What are the prime factors of 990745?
5, 7, 28307
List the prime factors of 824089.
7, 117727
What are the prime factors of 256698?
2, 3, 13, 1097
List the prime factors of 258163.
53, 4871
List the prime factors of 530779.
373, 1423
List the prime factors of 21613269.
3, 7204423
List the prime factors of 117565.
5, 7, 3359
List the prime factors of 3344866.
2, 7, 238919
What are the prime factors of 8061512?
2, 53, 19013
List the prime factors of 5316046.
2, 2658023
What are the prime factors of 4740076?
2, 11, 17, 6337
What are the prime factors of 2190770?
2, 5, 31, 37, 191
What are the prime factors of 1338452?
2, 101, 3313
List the prime factors of 283375.
5, 2267
List the prime factors of 3013353.
3, 7, 6833
What are the prime factors of 10159986?
2, 3, 1693331
List the prime factors of 573516.
2, 3, 89, 179
What are the prime factors of 4399604?
2, 11, 99991
What are the prime factors of 7562663?
7562663
List the prime factors of 480973.
179, 2687
What are the prime factors of 14655997?
14655997
List the prime factors of 180029.
67, 2687
What are the prime factors of 7160092?
2, 37, 101, 479
List the prime factors of 4136182.
2, 23, 89917
List the prime factors of 10487627.
47, 227, 983
List the prime factors of 1874419.
431, 4349
List the prime factors of 1865839.
1865839
What are the prime factors of 1223007?
3, 407669
What are the prime factors of 417850?
2, 5, 61, 137
What are the prime factors of 6792935?
5, 23, 59069
List the prime factors of 9376981.
61, 347, 443
What are the prime factors of 19377?
3, 2153
List the prime factors of 3164887.
11, 19, 797
List the prime factors of 12626791.
12626791
List the prime factors of 11458423.
61, 187843
What are the prime factors of 286691?
19, 79, 191
What are the prime factors of 1034084?
2, 258521
List the prime factors of 28270435.
5, 5654087
List the prime factors of 311984.
2, 17, 31, 37
List the prime factors of 5171072.
2, 71, 569
What are the prime factors of 10261853?
7, 29, 50551
List the prime factors of 146252.
2, 36563
What are the prime factors of 58036?
2, 11, 1319
List the prime factors of 1243445.
5, 7, 35527
List the prime factors of 3822183.
3, 424687
What are the prime factors of 2029243?
2029243
List the prime factors of 8648794.
2, 7, 11, 71, 113
What are the prime factors of 13482312?
2, 3, 233, 2411
What are the prime factors of 2925712?
2, 182857
List the prime factors of 170703.
3, 13, 1459
What are the prime factors of 1852308?
2, 3, 5717
What are the prime factors of 7115075?
5, 11, 25873
What are the prime factors of 3448104?
2, 3, 11, 37, 353
What are the prime factors of 507568?
2, 31723
What are the prime factors of 4902839?
4902839
List the prime factors of 21710196.
2, 3, 479, 1259
List the prime factors of 171087.
3, 7, 8147
List the prime factors of 223283.
223283
List the prime factors of 3748859.
29, 257, 503
What are the prime factors of 12853498?
2, 7, 109, 8423
List the prime factors of 3576426.
2, 3, 7, 17, 5009
What are the prime factors of 244347?
3, 79, 1031
What are the prime factors of 18011710?
2, 5, 41, 197, 223
List the prime factors of 10067770.
2, 5, 139, 7243
What are the prime factors of 3389752?
2, 19, 29, 769
List the prime factors of 17419267.
37, 470791
List the prime factors of 4673961.
3, 191, 2719
List the prime factors of 2726232.
2, 3, 29, 3917
List the prime factors of 4559586.
2, 3, 131, 5801
What are the prime factors of 269293?
53, 5081
What are the prime factors of 76575?
3, 5, 1021
What are the prime factors of 8004785?
5, 1600957
What are the prime factors of 5662089?
3, 209707
What are the prime factors of 150020?
2, 5, 13, 577
What are the prime factors of 2308705?
5, 7, 65963
List the prime factors of 10938573.
3, 1215397
List the prime factors of 9919856.
2, 29, 21379
What are the prime factors of 176707?
83, 2129
List the prime factors of 782226.
2, 3, 43457
What are the prime factors of 2655879?
3, 23, 61, 631
List the prime factors of 399406.
2, 7, 47, 607
What are the prime factors of 1008779?
1008779
List the prime factors of 363883.
13, 23, 1217
What are the prime factors of 19594899?
3, 725737
What are the prime factors of 3436809?
3, 59, 19417
What are the prime factors of 710946?
2, 3, 127, 311
What are the prime factors of 2179301?
2179301
List the prime factors of 9711578.
2, 29, 167441
What are the prime factors of 6282219?
3, 2094073
List the prime factors of 428926.
2, 214463
What are the prime factors of 103461?
3, 34487
List the prime factors of 6079047.
3, 13, 17, 53, 173
List the prime factors of 624874.
2, 97, 3221
What are the prime factors of 27801846?
2, 3, 83, 6203
List the prime factors of 478715.
5, 67, 1429
List the prime factors of 86730.
2, 3, 5, 7, 59
What are the prime factors of 125099?
13, 9623
List the prime factors of 75813.
3, 37, 683
What are the prime factors of 815378?
2, 373, 1093
List the prime factors of 17951191.
1433, 12527
What are the prime factors of 3842509?
11, 271, 1289
What are the prime factors of 700050?
2, 3, 5, 13, 359
List the prime factors of 3140019.
3, 17, 6841
What are the prime factors of 104482?
2, 7, 17, 439
List the prime factors of 2465644.
2, 616411
List the prime factors of 2857587.
3, 269, 3541
What are the prime factors of 5023554?
2, 3, 29, 28871
What are the prime factors of 38646139?
7, 5520877
List the prime factors of 3792629.
3792629
What are the prime factors of 2643623?
397, 6659
What are the prime factors of 2841045?
3, 5, 37, 5119
What are the prime factors of 222344?
2, 27793
What are the prime factors of 42229964?
2, 7, 215459
What are the prime factors of 27049?
11, 2459
What are the prime factors of 5835?
3, 5, 389
List the prime factors of 1587838.
2, 7, 113417
List the prime factors of 6361490.
2, 5, 636149
List the prime factors of 218160.
2, 3, 5, 101
List the prime factors of 2563965.
3, 5, 227, 251
List the prime factors of 3136891.
17, 184523
What are the prime factors of 861658?
2, 7, 61547
What are the prime factors of 88702?
2, 44351
What are the prime factors of 1648360?
2, 5, 7, 29
What are the prime factors of 694250?
2, 5, 2777
List the prime factors of 5686361.
31, 59, 3109
What are the prime factors of 332259?
3, 110753
List the prime factors of 143524.
2, 53, 677
What are the prime factors of 89729?
53, 1693
What are the prime factors of 537899?
537899
What are the prime factors of 409962?
2, 3, 7, 43, 227
List the prime factors of 874296.
2, 3, 12143
List the prime factors of 550041.
3, 47, 83
List the prime factors of 35823389.
7, 53, 223, 433
What are the prime factors of 2556983?
11, 13, 17881
What are the prime factors of 19932074?
2, 9966037
What are the prime factors of 490101?
3, 163367
What are the prime factors of 48301?
11, 4391
List the prime factors of 113255.
5, 22651
What are the prime factors of 5852302?
2, 2926151
List the prime factors of 20245324.
2, 11, 127, 3623
List the prime factors of 30815.
5, 6163
What are the prime factors of 2022596?
2, 67, 7547
What are the prime factors of 2261590?
2, 5, 23, 9833
List the prime factors of 1119889.
439, 2551
What are the prime factors of 176777?
176777
List the prime factors of 705894.
2, 3, 7
What are the prime factors of 2531373?
3, 13, 47, 1381
What are the prime factors of 10124952?
2, 3, 43, 9811
What are the prime factors of 491192?
2, 13, 4723
List the prime factors of 28028.
2, 7, 11, 13
What are the prime factors of 8505899?
17, 509, 983
What are the prime factors of 1135078?
2, 7, 81077
List the prime factors of 3283805.
5, 7, 17, 5519
List the prime factors of 79802.
2, 39901
List the prime factors of 719023.
839, 857
List the prime factors of 11612593.
11612593
List the prime factors of 754570.
2, 5, 61, 1237
List the prime factors of 1161742.
2, 580871
What are the prime factors of 486420?
2, 3, 5, 11, 67
What are the prime factors of 154133?
7, 97, 227
What are the prime factors of 2334758?
2, 19, 61441
What are the prime factors of 1473123?
3, 491041
What are the prime factors of 127542?
2, 3, 29, 733
List the prime factors of 374943.
3, 124981
What are the prime factors of 321278